{"id":4,"date":"2017-08-11T23:48:45","date_gmt":"2017-08-11T21:48:45","guid":{"rendered":"http:\/\/ohrient.de\/www-digiclean\/?page_id=4"},"modified":"2017-09-17T13:59:09","modified_gmt":"2017-09-17T11:59:09","slug":"startseite","status":"publish","type":"page","link":"https:\/\/digital-cleaning.de\/index.php\/startseite\/","title":{"rendered":"Ordnung mit System"},"content":{"rendered":"<p>Das Informationschaos beenden: aufr\u00e4umen, entr\u00fcmpeln, Daten organisieren und finden.<br \/>\nUnd sich das Leben durch Automatisierungen erleichtern!<br \/>\nVerst\u00e4ndlich und einfach f\u00fcr den Alltag<\/p>\n<p>Die Themen dieses Blogs: Homeoffice, Scan-Tipps, Daten strukturieren, Scanner und Papier, eigene Clouds einrichten, Verschl\u00fcsselung, Backup und &#8211; und &#8211; und &#8230;<\/p>\n<p><strong><a href=\"http:\/\/digital-cleaning.de\/index.php\/blog\/\">Weiter zum Blog -&gt;<\/a><\/strong><\/p>\n","protected":false},"excerpt":{"rendered":"<p>Das Informationschaos beenden: aufr\u00e4umen, entr\u00fcmpeln, Daten organisieren und finden. Und sich das Leben durch Automatisierungen erleichtern! Verst\u00e4ndlich und einfach f\u00fcr den Alltag Die Themen dieses Blogs: Homeoffice, Scan-Tipps, Daten strukturieren, Scanner und Papier, eigene Clouds einrichten, Verschl\u00fcsselung, Backup und &#8211; und &#8211; und &#8230; Weiter zum Blog -&gt;<\/p>\n","protected":false},"author":1,"featured_media":0,"parent":0,"menu_order":0,"comment_status":"closed","ping_status":"closed","template":"","meta":{"footnotes":""},"class_list":["post-4","page","type-page","status-publish","hentry"],"_links":{"self":[{"href":"https:\/\/digital-cleaning.de\/index.php\/wp-json\/wp\/v2\/pages\/4","targetHints":{"allow":["GET"]}}],"collection":[{"href":"https:\/\/digital-cleaning.de\/index.php\/wp-json\/wp\/v2\/pages"}],"about":[{"href":"https:\/\/digital-cleaning.de\/index.php\/wp-json\/wp\/v2\/types\/page"}],"author":[{"embeddable":true,"href":"https:\/\/digital-cleaning.de\/index.php\/wp-json\/wp\/v2\/users\/1"}],"replies":[{"embeddable":true,"href":"https:\/\/digital-cleaning.de\/index.php\/wp-json\/wp\/v2\/comments?post=4"}],"version-history":[{"count":7,"href":"https:\/\/digital-cleaning.de\/index.php\/wp-json\/wp\/v2\/pages\/4\/revisions"}],"predecessor-version":[{"id":173,"href":"https:\/\/digital-cleaning.de\/index.php\/wp-json\/wp\/v2\/pages\/4\/revisions\/173"}],"wp:attachment":[{"href":"https:\/\/digital-cleaning.de\/index.php\/wp-json\/wp\/v2\/media?parent=4"}],"curies":[{"name":"wp","href":"https:\/\/api.w.org\/{rel}","templated":true}]}}